0101?
-1010001011100110011
In base 7, what is 441 + -200164?
-166423
In base 15, what is 1b267c - a?
1b2672
In base 9, what is 281814 + -411?
281403
In base 11, what is 122 + 510482?
5105a4
In base 3, what is 120 - -1022120020101?
1022120020221
In base 14, what is -389 - 1579?
-1924
In base 8, what is 75606 + -2733?
72653
In base 10, what is 11 + -973972?
-973961
In base 9, what is 60 - -37647?
37717
In base 10, what is 1 - -9741971?
9741972
In base 11, what is 426a85a + -4?
426a856
In base 4, what is 331233102332 - 1031?
331233101301
In base 12, what is 456 - 111920?
-111486
In base 11, what is 164a1239 - 0?
164a1239
In base 9, what is 8841000 + -15?
8840874
In base 9, what is 2 - -51260626?
51260628
In base 7, what is 2202100 - -4?
2202104
In base 8, what is 3 + 3617070?
3617073
In base 12, what is -5586748 + -2?
-558674a
In base 7, what is 641035 + -262?
640443
In base 6, what is 12105002 - -13?
12105015
In base 9, what is -1624 + -11750?
-13474
In base 4, what is -113233 + 11003210?
10223311
In base 11, what is -884a0 + 715?
-87886
In base 6, what is 355510355 - -2?
355510401
In base 13, what is -bac5cc - 13?
-bac612
In base 8, what is -1744606 + 56?
-1744530
In base 9, what is -3376 + 45206?
41720
In base 5, what is 2230031022 - -123?
2230031200
In base 11, what is -3 + 169642?
16963a
In base 8, what is -2656 - -17134?
14256
In base 12, what is 83 + -53b07?
-53a44
In base 10, what is -434 + -10277?
-10711
In base 6, what is -33154 - 330333?
-403531
In base 13, what is 16 - -644194?
6441aa
In base 15, what is -5 + 4614653?
461464d
In base 4, what is 3302130 - -13032?
3321222
In base 4, what is 31313310 - -10123?
31330033
In base 4, what is 10131 - 12210023?
-12133232
In base 4, what is -1313 - -1023312?
1021333
In base 10, what is 961138 + 86?
961224
In base 2, what is -110011101011110000010101 + 1?
-110011101011110000010100
In base 14, what is -3cd3d4 - 6?
-3cd3da
In base 8, what is -64755733 + 4?
-64755727
In base 9, what is 3073543 - -1?
3073544
In base 11, what is -18 - 20167?
-20184
In base 11, what is 49 + -1798aa?
-179861
In base 6, what is 154 + -5252044?
-5251450
In base 10, what is -266556 + -3501?
-270057
In base 4, what is -3 - 1222220231131?
-1222220231200
In base 10, what is 60982625 + -4?
60982621
In base 5, what is 10 - 102342334310?
-102342334300
In base 16, what is -2fea + 20d?
-2ddd
In base 14, what is 2b84 - 1b?
2b67
In base 15, what is 3bb6ab - -74?
3bb730
In base 11, what is -376229 + 16?
-376213
In base 4, what is -3 + 13231230030?
13231230021
In base 5, what is 30 - -131220321404?
131220321434
In base 5, what is 4 + -221320023?
-221320014
In base 16, what is 27bf1f - -3?
27bf22
In base 14, what is -b305 + 61d?
-aac6
In base 12, what is -3824 - -32379?
2a755
In base 5, what is 210104234443 + 10?
210104240003
In base 2, what is -1000101101 - -10000010100?
111100111
In base 7, what is 13045102 + 403?
13045505
In base 12, what is 799679 - -4?
799681
In base 8, what is 4 + -3575447?
-3575443
In base 12, what is 0 - 25a1914?
-25a1914
In base 12, what is -a5 - 35a4b0?
-35a595
In base 4, what is 101222202021002 + 10?
101222202021012
In base 7, what is 1441502 + 145?
1441650
In base 7, what is 3 - -12450563?
12450566
In base 9, what is -18383 + -23061?
-42454
In base 14, what is 3767 + -1d7?
3570
In base 4, what is -2020222102 - 1013?
-2020223121
In base 15, what is 4 - 1cbe9b0d?
-1cbe9b09
In base 8, what is 4116 + 506647?
512765
In base 3, what is 121200202 + -11001211?
110121221
In base 14, what is -4c0d65 + b?
-4c0d58
In base 14, what is 146d - 2bc0?
-1751
In base 10, what is -1123119598 + -3?
-1123119601
In base 12, what is -484 + -17545?
-17a09
In base 11, what is 2845 + -709?
2137
In base 7, what is -126151 + 140?
-126011
In base 11, what is -33 - 5a298?
-5a320
In base 13, what is 1a - b7ac?
-b792
In base 8, what is -163417146 + -4?
-163417152
In base 6, what is 11 + 401434525?
401434540
In base 14, what is -17b3 + -2298?
-3a6b
In base 11, what is -443463 - 85?
-443538
In base 16, what is -27a2d04 + 2?
-27a2d02
In base 11, what is 1073a - -249a?
13129
In base 13, what is 2917 + 35a?
2c74
In base 16, what is 36aab - -23?
36ace
In base 11, what is -18a8 + -2079?
-3976
In base 7, what is 22131604 - -20?
22131624
In base 16, what is -d4160 - 5e?
-d41be
In base 8, what is 23725 + 1275?
25222
In base 6, what is -14 - -14503530?
14503512
In base 7, what is 0 + -11551666?
-11551666
In base 14, what is 242b77 - 15?
242b62
In base 16, what is 174bf66 - -13?
174bf79
In base 12, what is 1a587a29 - 5?
1a587a24
In base 2, what is -1010000 - -101111100111100?
101111011101100
In base 12, what is -138a4 + -440?
-14124
In base 10, what is -349 + -735231?
-735580
In base 16, what is 3cad4b7 - 2?
3cad4b5
In base 10, what is -9470 + 3991?
-5479
In base 13, what is -95c393 + -6?
-95c399
In base 6, what is -1202140340 - 0?
-1202140340
In base 2, what is 1100 + -10110111000011100000?
-10110111000011010100
In base 15, what is -1904 - 62?
-1966
In base 10, what is -1942984 - 4?
-1942988
In base 6, what is -15121131 - 153?
-15121324
In base 8, what is -1603 + 1175115?
1173312
In base 15, what is 9da52 - -7?
9da59
In base 5, what is -110402 - 1403?
-112310
In base 16, what is -2 - 1de11e6?
-1de11e8
In base 13, what is 142bb3 + -47?
142b69
In base 15, what is -294 - -c72c?
c488
In base 10, what is -2235 + 8673?
6438
In base 11, what is -317 + 23286?
22a6a
In base 5, what is 2 - -104204120?
104204122
In base 15, what is 16648c87 + -2?
16648c85
In base 11, what is -2503 + -43341?
-45844
In base 4, what is -32010 + 1313233202?
1313201132
In base 6, what is -252555 - -35101?
-213454
In base 10, what is 63 + 122823?
122886
In base 10, what is -110204 + -8433?
-118637
In base 16, what is -1a4 + a0c5?
9f21
In base 5, what is 44243404031 - 1?
44243404030
In base 11, what is -7 + 1037023?
1037017
In base 2, what is -10100100111001110100100 + -100?
-10100100111001110101000
In base 6, what is -122244 + -21?
-122305
In base 16, what is -37d310 + -4?
-37d314
In base 9, what is -5353644 + -2?
-5353646
In base 8, what is 201360 + 17502?
221062
In base 3, what is 111 - -1202100100021110?
1202100100021221
In base 13, what is 2494c41 - 0?
2494c41
In base 7, what is 13 - -513463136?
513463152
In base 9, what is -453 + -1422170?
-1422633
In base 16, what is 164 + -aa12?
-a8ae
In base 9, what is -12105 - 83025?
-105131
In base 5, what is 440234130 - 0?
440234130
In base 12, what is 17631 + 996?
18407
In base 4, what is -10 - -113130202103?
113130202033
In base 16, what is df422a - 8?
df4222
In base 9, what is -233704 + -8?
-233713
In base 14, what is -2 + 34ac7c?
34ac7a
In base 12, what is 4 - 2a52b?
-2a527
In base 3, what is 111 + 112220211122?
112220212010
In base 8, what is -1027341 + 326?
-1027013
In base 8, what is 3 - 34077132?
-34077127
In base 3, what is 22211021210011011 + 12?
22211021210011100
In base 10, what is 149 - 109233?
-109084
In base 12, what is -19364 - -1b28?
-17438
In base 9, what is 8 + 20166175?
20166184
In base 15, what is 16e8e1 + 8c?
16e97d
In base 2, what is 1100110011011110 - -11101100110?
1101010001000100
In base 12, what is -545 - 8694?
-9019
In base 11, what is 79 - 8a2031?
-8a1a63
In base 6, what is -133134 - 10411?
-143545
In base 14, what is 473 - -43418?
4388b
In base 2, what is 10001101111001010100100 - 0?
10001101111001010100100
In base 11, what is -1603a + -a5?
-16134
In base 6, what is -52 - -123445?
123353
In base 2, what is 101110 + 1001100110001100110000001?
1001100110001100110101111
In base 4, what is -100233203 - -302331?
-33330212
In base 9, what is 68 + -145075?
-145006
In base 12, what is -4868 - -4488?
-3a0
In base 13, what is 4c2a4 - -a8?
4c37c
In base 10, what is -568916507 - -5?
-568916502
In base 7, what is 31165036 - -102?
31165141
In base 6, what is 434 + 300314?
301152
In base 6, what is 0 + 155432212?
155432212
In base 16, what is -5ae7 - -1c?
-5acb
In base 5, what is -222104101 + -212?
-222104313
In base 14, what is -566 - 973?
-10d9
In base 14, what is 24c7 + -c62?
1665
In base 12, what is 212 - -8211?
8423
In base 16, what is -24 + 28c88f3?
28c88cf
In base 2, what is -100 + -1111100111101010001000011?
-1111100111101010001000111
In base 10, what is -122 - 1155588?
-1155710
In base 5, what is -4 - 13112412